d x.
13
Suppose -3*d - 16 = 6*m - m, 5*m + 22 = -d. Let r(o) = -2*o**3 + 11*o**2 - 6*o + 3. Let q be r(4). Calculate the highest common divisor of d and q.
3
Suppose 0 = m - 3*m + 4. Let i be 2 - m - -3 - -14. Suppose 3*l + i = 65. What is the greatest common divisor of l and 2?
2
Let p be 25559/122 + 3/(-2). What is the greatest common divisor of p and 40?
8
Let c = -377 - -573. Calculate the highest common divisor of 28 and c.
28
Let b be (-2)/(-13) + (-21007)/(-91). What is the greatest common divisor of b and 66?
33
Let b = -33 - -35. Suppose 0 = -b*g + 6*g - 4. What is the highest common divisor of g and 2?
1
Let d(c) = 7*c**2 - c. Let v be d(1). Suppose -t + 3*t = v. Suppose p - 4*g = 0, 0 = t*p + 3*g - 16 + 1. Calculate the highest common divisor of p and 4.
4
Suppose 0 = u + 4*u - 165. Suppose w - v = 3*v - 18, -4*w - 5*v = -u. What is the greatest common divisor of 14 and w?
2
Suppose -207*i - 84 = -213*i. Let u be 1 - -10*(-9)/2. Let k = u + 142. What is the greatest common factor of i and k?
14
Let c = 190 + -127. Let x(i) = i**3 - 16*i**2 + 18*i - 3. Let f be x(15). What is the greatest common factor of f and c?
21
Let a = 26 + -54. Let w = -135 - -100. Let c = a - w. Calculate the greatest common divisor of c and 1.
1
Let k(c) = -3*c + 85. Let w be k(-32). Let v = -117 + w. What is the highest common divisor of 8 and v?
8
Let c be 24/(-21)*28/(-8). Let t(r) = 2*r + 1. Let q be t(2). Suppose q*f + 5*v + 0*v - 135 = 0, 4*f = 5*v + 153. What is the greatest common factor of c and f?
4
Let h = -2385 - -2665. Calculate the greatest common divisor of h and 160.
40
Let g(m) = 8*m + 120. Let w be g(-9). What is the greatest common factor of w and 80?
16
Let w be 14 - (-1 - 5/5). Suppose 4*k = -5*p + 968, 2*p - 3*k = 6*p - 774. Let b be (-6)/(-4)*p/9. What is the highest common divisor of b and w?
16
Let j be -10*(-10)/15*3. Let s(q) = q + 12 - 11 + j. Let k be s(-10). What is the greatest common factor of k and 121?
11
Let p be ((-37)/(-74))/((6/(-3))/(-4)). What is the highest common factor of 137 and p?
1
Suppose q + 3*i = 52, -q - 9 = -2*i - 36. Suppose -9*s + q = -665. What is the highest common factor of s and 52?
26
Let v be -3 - (-12)/14*(-21 - -434). Calculate the highest common factor of v and 54.
27
Let g = -115 + 235. Suppose -g = -2*h - 5*v - 21, 0 = 2*h + 3*v - 89. Suppose 4*n - h = 11. Calculate the greatest common factor of 6 and n.
6
Let q(g) = -22*g - 358. Let w be q(-20). Calculate the highest common divisor of w and 8.
2
Let h(g) = -5*g. Let s be h(-9). Suppose -3*p - 2*p = -s. Let a be (2/4)/(4 + (-861)/216). Calculate the greatest common divisor of p and a.
9
Let x = -387 + 519. Calculate the greatest common divisor of 88 and x.
44
Let b = -15 + 51. Let m be 3/(24/(-44))*-4. Let l = m - 18. What is the highest common factor of l and b?
4
Let m(d) = 122*d + 3. Let a be m(1). What is the highest common divisor of 50 and a?
25
Suppose 20*n = -4*n + 1800. What is the greatest common divisor of 275 and n?
25
Suppose 0 = c - w - 106, -5*w + 7 = -3*c + 329. Calculate the greatest common divisor of c and 72.
8
Let z = 59 - 11. Let a(l) = -149*l - 3. Let c be a(3). Let m be 4/5*c/(-15). What is the greatest common divisor of m and z?
24
Let g(j) = 16*j + 796. Let o be g(-40). What is the greatest common divisor of 65 and o?
13
Let j(x) = 22*x**2 - x - 1. Let o = -11 - -10. Let c be j(o). Let r = 7 + -5. Calculate the highest common divisor of c and r.
2
Let o be 2*1*(-28 - -31) + 1. What is the highest common factor of 63 and o?
7
Let m = -5162 + 5172. Suppose -2*s = -0*s - 180. What is the highest common factor of s and m?
10
Let p be (14/(-4))/(91/(-14) - -6). Let r be -4 - (-281)/p - (-3)/(-21). What is the greatest common factor of r and 24?
12
Let v = 86 - 36. Let l(g) = 4*g - 6. Let i be l(4). Calculate the highest common factor of v and i.
10
Let b = 14 - -12. What is the greatest common factor of 910 and b?
26
Suppose -5*s + 3*u = -540, 115 - 655 = -5*s + 4*u. What is the greatest common factor of 180 and s?
36
Let v = 136 - 109. Suppose 9 = 3*r - 0. Calculate the greatest common divisor of v and r.
3
Let r be (11 - (-65)/(-13)) + 30. Suppose -73 = -4*g - 5*m, -m - 1 = -6. What is the greatest common factor of r and g?
12
Suppose s = -3*s + 24. Let c be 0/(-2) - (3 - -4). Let g(r) = -r**3 - 5*r**2 + 15*r + 9. Let p be g(c). What is the highest common divisor of s and p?
2
Suppose 0 = 4*j - j - 2*o - 8, -5*o - 3 = j. Suppose 735 = j*q + w - 92, w - 2069 = -5*q. What is the greatest common divisor of q and 46?
46
Suppose 0 = 4*p + 5*k - 385, -110 = -p - 4*k - 0. Let t = p + -64. Let s = -16 + t. Calculate the highest common factor of 20 and s.
10
Let a be -1*(-1 + 2 + -114). Let i = -38 + 97. Let m = a - i. What is the greatest common factor of 135 and m?
27
Suppose 27 = -158*a + 161*a. Suppose 5*s = 4*s + 144. What is the highest common factor of s and a?
9
Let q be (-35)/(-5) - -2 - -4. Let m be (-2)/9 - 357/(-27). Calculate the highest common divisor of m and q.
13
Let v(z) = 2*z - 9*z**2 - 41*z**3 + 42*z**3 + 9*z + 8 - 2*z. Let g be v(8). Let q be (36/g)/(6/32). What is the greatest common divisor of q and 48?
12
Suppose -24*r + 6073 + 5063 = 0. What is the highest common divisor of r and 32?
16
Suppose -595 = 2*w - o - 1632, 2*o + 1042 = 2*w. What is the greatest common divisor of 12 and w?
12
Let c = 32 - 21. Let x = -9 + c. Suppose 42 = 3*w - 3*m + 4*m, 3*m = 2*w - 28. What is the highest common factor of w and x?
2
Let q(m) = -25*m**3 + 2*m + 2. Let d(r) = -r**3 - 11*r**2 - 10*r - 1. Let f be d(-10). Let t be q(f). What is the highest common divisor of 225 and t?
25
Let x(p) = p**2 + 4. Let a = 2 - -1. Let k(w) = -w**3 + 4*w**2 - 3. Let c be k(a). Let n be x(c). What is the greatest common divisor of 8 and n?
8
Suppose 4*s + 2*s = 96. What is the greatest common factor of 28 and s?
4
Let v be 6 + -4 + (8 - 4). Suppose 0 = -2*i + 18 - v. Let t = i - -2. What is the highest common divisor of 4 and t?
4
Let y(r) = -r**2 - 15*r + 14. Suppose 56 = -4*z - 4. Let o be y(z). What is the highest common factor of o and 14?
14
Suppose 18*h - 307 = -1. What is the greatest common divisor of h and 1513?
17
Let g = -31 + 34. Suppose 6 = g*u - 0*u, -3*u - 130 = -4*q. What is the greatest common divisor of 272 and q?
34
Let h be 1 + 1 - (-3 + 0). Suppose 0 = -h*s + 51 + 9. What is the highest common divisor of s and 24?
12
Let q(f) = f**3 - 7*f**2 - 18*f + 3. Let j be q(9). Suppose 25 + 11 = j*x. What is the greatest common divisor of x and 108?
12
Let t(r) = -r**2 + 53*r - 286. Let c be t(44). Calculate the greatest common divisor of 90 and c.
10
Suppose -9 = -5*h + 11. Suppose i + 3*o = 26, h*i = 3*i - 2*o + 23. Calculate the greatest common divisor of i and 51.
17
Suppose 3*s - 782 = -152. Suppose 5*x - f - 4*f = -s, 0 = -x - f - 40. Let m = x - -77. Calculate the greatest common factor of m and 12.
12
Suppose j = -2*f + 261, f = 2*j - 11 + 149. Let a = f + -109. Calculate the highest common divisor of 23 and a.
23
Let u = 195 + 43. What is the greatest common factor of u and 21?
7
Let r = -49 + 124. Suppose 7*k + 5 - r = 0. Calculate the highest common factor of 80 and k.
10
Let x be (3 + -6 + 2)*0. Suppose 0 = -x*o + 5*o - 60. Calculate the greatest common divisor of o and 96.
12
Let z be (-8)/44 + (-530)/(-11). Let w(g) = 29*g + 280. Let l be w(-8). Calculate the highest common factor of z and l.
48
Suppose 9*b + 1039 - 7771 = 0. What is the highest common divisor of 44 and b?
44
Let z = 264 - 189. Calculate the highest common factor of 60 and z.
15
Suppose -6*i = -4*i - 112. Calculate the greatest common factor of 126 and i.
14
Suppose 3*k - 15 = -5*z, k - 14 + 2 = -4*z. Let y be 78 + 0/((-3)/z). Let u be 2/12 - (-10595)/y. What is the highest common divisor of 17 and u?
17
Let u be 4 - (-4 + 6 + 1). Let k be ((-5)/5)/u*-23. What is the highest common divisor of k and 69?
23
Let m = -36 + 39. Suppose -5*s + 126 = -m*s. Calculate the highest common factor of s and 9.
9
Suppose 3*w + 5 = 4*w, -x + 5*w = 15. Calculate the greatest common factor of x and 190.
10
Let x be ((-40)/4)/((-6)/(192/8)). Calculate the greatest common factor of x and 30.
10
Let a be (-378)/(-45)*(-30)/(-4). What is the highest common factor of a 